-8)/(1 - 27/24). Suppose b - 174 = -2*h. What is the highest common divisor of o and h?
11
Suppose -2*q = 8 - 38. Let z(c) = -c**3 - 23*c**2 - 118*c + 16. Let b be z(-15). Let p = b + q. What is the highest common factor of 5 and p?
1
Suppose 26*w = -16*w + 5880. Let f be ((-2)/(-6))/((-3)/(-234)). Let r be -1 + 1 - (-2 - f). What is the highest common divisor of w and r?
28
Let m(b) = 5*b**3 - 2*b**2 - 6*b. Let f be m(-3). Let v = 509 + f. Calculate the greatest common factor of v and 34.
34
Suppose 50*s - 49*s - 38 = 0. What is the greatest common divisor of 1026 and s?
38
Let q be 650 + (-4)/8*(18 + -6). Calculate the highest common factor of q and 84.
28
Suppose -5*u = -3*f - 788, 3*u - 3*f - 460 = 2*f. Let l(j) = j**3 + 11*j**2 - 28*j - 10. Let r be l(-13). What is the greatest common factor of r and u?
16
Let a = -81 + 86. Suppose -h + 47 + 99 = -a*p, -h + 158 = -p. What is the greatest common divisor of h and 46?
23
Let b = -372 + 400. Calculate the greatest common factor of 10 and b.
2
Suppose 5*p = p - 112. Let x = p - -67. Suppose -16 = -y - n, 6*y - 2*y + n - 55 = 0. What is the greatest common divisor of y and x?
13
Let y(s) = s**3 + 3*s**2 - 4*s + 875. Let j be y(0). What is the highest common divisor of j and 70?
35
Let l(c) = -c**3 - 2*c**2 - 2*c - 2. Let d be l(-3). Let n(j) = -j**2 - 25*j + 3. Let x be n(-19). Calculate the greatest common factor of x and d.
13
Let u(a) = 3*a + 16. Let x be u(-19). Let v = 158 + x. Calculate the greatest common divisor of 13 and v.
13
Suppose -2192 = -82*l - 634. Suppose g + 0*g - 247 = 0. What is the highest common factor of g and l?
19
Let b be 1/(-2) - (-54)/4. Suppose 5*x - 371 = 4*p, -2*p + 64 + b = x. Let s be (30/8)/((-2)/(-8)). Calculate the highest common factor of s and x.
15
Suppose -1 = 4*q - 5*b, 11*q - b - 1 = 10*q. Suppose -4*n + 3*l = 3, -9 = 5*n - l - l. Let y = n - -6. What is the greatest common divisor of q and y?
3
Let b be (63 - 2) + -3 + -3. Let y = -47 + b. What is the greatest common factor of y and 128?
8
Let a(v) = -8*v - 1. Let w = 5 - 10. Let r be a(w). Suppose 96 = 3*c - r. Calculate the highest common divisor of 9 and c.
9
Let g(p) = -6*p + 66. Let h be g(11). Suppose -990 = -5*u - h*u. Let o(x) = x**2 - 2*x - 2. Let f be o(-4). What is the greatest common factor of f and u?
22
Let a(l) = -14*l - 14. Let j be a(-6). Calculate the greatest common factor of 20 and j.
10
Suppose 0*n + 4 = 2*n, 0 = 2*j - 2*n - 1448. Calculate the greatest common factor of 66 and j.
66
Suppose 4*l - 9604 = x - 6*x, -l + 9601 = 5*x. Suppose -3*m - 13*m = -x. Calculate the greatest common divisor of m and 24.
24
Suppose 0*m + 5 = m. Let i = 32 + 30. Let f = -52 + i. Calculate the highest common factor of m and f.
5
Suppose -4*a - j - 3*j = -56, -2*a = 5*j - 43. Suppose -h + a = -33. What is the greatest common factor of h and 56?
14
Suppose -6*c - 45 = -5*n - c, 5*c = n - 21. Let r = -17 + 49. Suppose 4*z - r = 4*v - 0*v, 0 = 5*z + 3*v. What is the highest common factor of z and n?
3
Let z be ((-11)/(495/621))/(1/(-5)). Suppose 2*k - j = 48, -2*k + 33 = -5*j - 23. What is the highest common divisor of z and k?
23
Let h(g) = 18*g**3 + 1. Let t be h(-2). Let w = t + 144. Calculate the greatest common factor of w and 1.
1
Let a be ((-1632)/(-30))/((-2)/(-10)). Calculate the highest common factor of 48 and a.
16
Suppose 6*r - 505 = -109. What is the greatest common factor of 550 and r?
22
Suppose 6 = j + 2*i, -3*j = 10*i - 11*i - 4. What is the highest common factor of j and 206?
2
Let k = 297 - 231. What is the greatest common divisor of 22 and k?
22
Let j = 1019 - 700. Let b(d) = -146*d**3 - 2*d**2 + 1. Let r be b(-1). Suppose 4*o - 9*o + r = 0. Calculate the highest common divisor of o and j.
29
Let p(m) = -m**2 - 5*m - 5. Let t(j) = -j**3 + 3*j**2 + 13. Let v be t(4). Let d be p(v). Calculate the greatest common factor of 5 and d.
1
Let f be (-15)/(-10) - 38/(-4). Suppose g - 4*a - 110 = -6, -3*g - a + 260 = 0. Calculate the greatest common factor of f and g.
11
Suppose 2*p = 4*p - 518. Suppose f = 5*f - 5*i - 128, -82 = -2*f - 2*i. What is the greatest common factor of f and p?
37
Let b(f) = -2*f - 8. Let g be b(-5). Suppose -g*d + d + 125 = 0. What is the greatest common divisor of 50 and d?
25
Suppose 5*r - 2983 + 823 = 0. What is the highest common divisor of 24 and r?
24
Suppose 0 = -2*w + 119 + 1. Suppose m = -m + w. Suppose 9*i = 6*i + m. Calculate the greatest common factor of 5 and i.
5
Suppose 4 = -c, x + 5 - 41 = c. Calculate the greatest common divisor of 48 and x.
16
Suppose 0 = 4*g + 3*j - 178 - 230, 5*j + 306 = 3*g. What is the highest common divisor of 34 and g?
34
Let p be 12 + -4*4/(-8). Suppose -179 = -5*n - q, -n - 2*n - 3*q = -117. Calculate the greatest common factor of p and n.
7
Let n = 1931 + -1913. What is the highest common factor of 198 and n?
18
Let v(u) = 10*u + 72. Let t be v(-6). Calculate the greatest common divisor of 2 and t.
2
Let s = 41 - 39. Suppose 0 = d - s, 0 = -4*i + 3*d - 2*d + 122. What is the greatest common factor of 31 and i?
31
Suppose 927 = 25*m + 127. Calculate the highest common factor of m and 2848.
32
Let i(n) = 3*n**2 - 2*n + 49. Let f be i(6). What is the highest common factor of f and 29?
29
Suppose q - 21 = -18. Suppose -3*s + 2*s = -q*y + 88, -s = y - 24. Calculate the greatest common factor of 42 and y.
14
Let n(x) = 4*x - 1. Let g be n(3). Suppose -5*v = 5 + 5. Let s(l) = -7*l - 3. Let i be s(v). What is the highest common factor of g and i?
11
Let n(v) = 118*v**2 - v + 1. Let j be n(1). Let g = j - 83. Let u = -240 - -245. What is the greatest common factor of u and g?
5
Let c(z) = -z**3 - 27*z**2 + 28*z + 68. Let q be c(-28). Calculate the highest common divisor of 102 and q.
34
Suppose 20*h - 31*h + 2112 = 0. Calculate the greatest common factor of 128 and h.
64
Let l = 1168 - 1080. Suppose 4*n - 42 = -4*o + 5*o, 26 = 2*n + 2*o. Calculate the greatest common factor of l and n.
11
Let v(s) = 10*s - 2. Let l = 11 + -13. Let t = 3 + l. Let g be v(t). Calculate the highest common factor of 1 and g.
1
Let y = 23 + 9. Suppose -f = -5*z + 23, -2*z = 3*z - 4*f - y. Let u be 29 + (2 - 2 - -3). Calculate the highest common factor of z and u.
4
Let r be 54/6 - (4 + -19)/5. What is the greatest common factor of 132 and r?
12
Suppose o - 4*z + 4 - 26 = 0, -2 = -z. What is the greatest common divisor of 270 and o?
30
Let n = 335 + -488. Let g = -69 - n. Calculate the greatest common divisor of 12 and g.
12
Let j = -49 - -31. Let a be (-2442)/j - 3/(27/6). What is the greatest common divisor of 27 and a?
27
Suppose 3*d + 32 = 7*d. What is the highest common divisor of d and 8?
8
Let n(z) = 15 - 8 - 2*z + 10*z + 9. Let v be n(-7). Let s be (100/v)/((-2)/4). What is the highest common divisor of s and 30?
5
Suppose -2*u + 9 = 5*j - 10, -12 = -4*j. Suppose -108 = 5*f - u*f. Let q be (78/9)/((-8)/f). Calculate the highest common factor of 13 and q.
13
Let s be 12/(-8)*12/9. Let t be -3 + s/((-2)/13). Suppose 0 = -3*n + 4*u + 72, -5*n - 6*u = -2*u - 88. What is the highest common divisor of n and t?
10
Let z be (21/(-14))/(3/(-20)). Let l be -4*(1 - 0)*(-25)/z. What is the greatest common divisor of l and 20?
10
Suppose -680 = 88*f - 93*f. Calculate the highest common factor of 119 and f.
17
Let l be (-190)/(-38) - (-1 - -3). Calculate the highest common divisor of 75 and l.
3
Let r be 1/(-2)*-3*2. Suppose 3*x + 2*q - 81 = 0, -q = r*q. Calculate the highest common factor of 3 and x.
3
Let p be 4/(-8)*2*5. Let v be -6*p/30*4. Calculate the highest common factor of 32 and v.
4
Let y be 181 + 7/((-42)/24). Let s = y + -157. Calculate the greatest common factor of 220 and s.
20
Let k(r) = -3*r - 12 + 31 + 2*r + 11*r. Let j be k(8). Suppose 2*g = 5 + 17. Calculate the highest common divisor of j and g.
11
Suppose -20 = -f + 43. Let d = f - 13. Let s(o) = -2*o + 9. Let i be s(-8). What is the highest common factor of i and d?
25
Suppose -2*h + 2446 = 5*g, -g = 2*h - 272 - 214. Calculate the greatest common divisor of g and 20.
10
Suppose 4*v = -4*i + v + 68, -85 = -5*i + v. Let k = 19 - i. Let s be (-415)/(-45) + k/(-9). What is the greatest common divisor of s and 81?
9
Let l be (44/(-12) + 3)*-3 + -16. Let r = 94 - l. What is the highest commo